{"id":998,"date":"2022-03-28T20:48:05","date_gmt":"2022-03-28T20:48:05","guid":{"rendered":"https:\/\/archivo.usac.edu.gt\/?page_id=998"},"modified":"2022-04-20T16:27:21","modified_gmt":"2022-04-20T16:27:21","slug":"formulario-de-normalizacion-valoracion-y-eliminacion-de-series-documentales","status":"publish","type":"page","link":"https:\/\/archivo.usac.edu.gt\/index.php\/formulario-de-normalizacion-valoracion-y-eliminacion-de-series-documentales\/","title":{"rendered":"Formulario de normalizaci\u00f3n, valoraci\u00f3n y eliminaci\u00f3n de series documentales"},"content":{"rendered":"\n<p>Instructivo para llenar el formulario de normalizaci\u00f3n, valoraci\u00f3n y eliminaci\u00f3n de series Documentales.<\/p>\n\n\n\n<div class=\"wp-block-buttons is-layout-flex wp-block-buttons-is-layout-flex\">\n<div class=\"wp-block-button\"><a class=\"wp-block-button__link\" href=\"https:\/\/archivo.usac.edu.gt\/wp-content\/uploads\/2022\/04\/1-Normalizacion-valoracion-y-eliminacion.pdf\" style=\"border-radius:0px\" target=\"_blank\" rel=\"noreferrer noopener\">Descargar Formulario PDF<\/a><\/div>\n<\/div>\n\n\n\n<h1 class=\"has-luminous-vivid-amber-background-color has-background wp-block-heading\">Instrucciones generales<\/h1>\n\n\n\n<p>El Presidente del CISED proporcionar\u00e1 al personal t\u00e9cnico del Archivo General el n\u00famero de la Regla de conservaci\u00f3n y el a\u00f1o, que debe consignar en el encabezado de este formulario.<\/p>\n\n\n\n<p>El formulario ser\u00e1 llenado por el personal de la unidad interesada con la asesor\u00eda del personal t\u00e9cnico del Archivo General de la Universidad de San Carlos de Guatemala.&nbsp;<\/p>\n\n\n\n<p>La asesor\u00eda ser\u00e1 proporcionada en la sede del Archivo General a las unidades ubicadas en la Ciudad Universitaria y a trav\u00e9s de tel\u00e9fono a las unidades situadas fuera del Campus Universitario.\u00a0<\/p>\n\n\n\n<p class=\"has-luminous-vivid-orange-color has-text-color\"><strong>El formulario deber ser impreso en papel bond blanco y tama\u00f1o oficio.<\/strong><\/p>\n\n\n\n<h2 class=\"wp-block-heading\"><strong>1.\u00a0Datos de la Serie Documental<\/strong><\/h2>\n\n\n\n<p><strong>1.1&nbsp;&nbsp;&nbsp;&nbsp;Denominaci\u00f3n de la Serie:<\/strong>&nbsp;se entiende por serie el conjunto de documentos (generalmente expedientes) que reflejan una funci\u00f3n administrativa de manera continuada como resultado de una actividad concreta y espec\u00edfica.<\/p>\n\n\n\n<p>Escriba en este espacio el nombre de la serie que responde a las disposiciones y normativas en vigor. Puede escribirse entre par\u00e9ntesis el nombre usual o la abreviatura com\u00fan. Ejemplo: Asistencia de Personal<\/p>\n\n\n\n<p><strong>1.2&nbsp;&nbsp;&nbsp;&nbsp;Unidad Productora<\/strong>: escriba el nombre de la unidad productora que gestiona la serie objeto de an\u00e1lisis. Ejemplo: Archivo General Usac<\/p>\n\n\n\n<p><strong>1.3&nbsp;&nbsp;&nbsp;&nbsp;Objeto de la gesti\u00f3n administrativa<\/strong>: describa la finalidad que persigue la funci\u00f3n administrativa espec\u00edfica plasmada en el expediente. Ejemplo: Verificar el cumplimiento de horarios tanto del personal administrativo, docente, investigador y de planilla, de acuerdo a su contrato de trabajo.<\/p>\n\n\n\n<p><strong>1.4&nbsp;&nbsp;&nbsp;&nbsp;A\u00f1os que abarca la serie<\/strong>: anote el per\u00edodo cronol\u00f3gico que abarca la serie, objeto de an\u00e1lisis, desde su creaci\u00f3n hasta la fecha en que se hace el estudio. Ejemplo:&nbsp;1982-2007.<\/p>\n\n\n\n<p><strong>1.5&nbsp;&nbsp;&nbsp;&nbsp;Tipo de soporte<\/strong>: apunte el tipo de material en el que est\u00e1 contenida la informaci\u00f3n, ejemplo: papel, magn\u00e9tico, \u00f3ptico, microforma y otro. Ejemplo: Papel.<\/p>\n\n\n\n<p><strong>1.6&nbsp;&nbsp;&nbsp;&nbsp;Volumen de la serie<\/strong>: escriba la dimensi\u00f3n de la serie en metros lineales, por per\u00edodos anuales. Ejemplo: 10 metros lineales<\/p>\n\n\n\n<p><strong>1.7&nbsp;&nbsp;&nbsp;&nbsp;Documentos que integran la serie<\/strong>: detalle las tipolog\u00edas documentales que nutren los expedientes o conjunto de documentos que integran la serie, tales como: certificados, instancias, notificaciones, listados, informes y otros. Ejemplo: Hojas de control de asistencia, libros de control de asistencia, tarjetas de reloj marcador, reportes de reloj biom\u00e9trico.&nbsp;<\/p>\n\n\n\n<p><strong>1.8&nbsp;&nbsp;&nbsp;&nbsp;Ordenaci\u00f3n<\/strong>: escriba el criterio utilizado en la ordenaci\u00f3n del expediente o conjunto de documentos dentro de la serie: alfab\u00e9tico, cronol\u00f3gico, num\u00e9rico, alfanum\u00e9rico y otros. Ejemplo: cronol\u00f3gica.<\/p>\n\n\n\n<p><strong>1.9&nbsp;&nbsp;&nbsp;&nbsp;Legislaci\u00f3n<\/strong>: detalle las leyes, reglamentos, circulares, acuerdos, convenios y otros que justifican el acto administrativo, con referencia expresa al art\u00edculo o art\u00edculos en concreto. Ejemplo:<\/p>\n\n\n\n<ul class=\"wp-block-list\"><li>Disposiciones reglamentarias sobre la rendici\u00f3n, glosa y archivo de las cuentas, acuerdo de aprobaci\u00f3n. 3 de noviembre de 1934 y sus modificaciones.<\/li><li>C\u00f3digo de Comercio. Decreto 2-70. T\u00edtulo III.&nbsp;<em>&nbsp;De la Contabilidad y Correspondencia Mercantiles.&nbsp;<\/em>Cap\u00edtulo II, Art\u00edculos 382, 383 y 384.<\/li><li>Reglamento de Relaciones Laborales entre la Universidad de San Carlos de Guatemala y su personal, art\u00edculos 54 numerales 6 y 8, 56 y 57.<\/li><\/ul>\n\n\n\n<p><strong>1.10&nbsp;&nbsp;Procedimiento administrativo<\/strong>: describa el tr\u00e1mite y el circuito documental del expediente o conjunto de documentos desde su inicio hasta la conclusi\u00f3n de la gesti\u00f3n administrativa.&nbsp;&nbsp;Adem\u00e1s, elabore el diagrama de flujo correspondiente. Ejemplo:&nbsp;El trabajador registra su asistencia en el control correspondiente, el tesorero revisa los registros y elabora el reporte de asistencia del personal de la unidad, imprime reporte y env\u00eda a&nbsp;autoridad nominadora, para su conocimiento y archiva copia de reporte y originales de los registros de asistencia. La autoridad nominadora recibe el reporte de asistencia y traslada para archivo.<\/p>\n\n\n\n<div class=\"wp-block-image\"><figure class=\"aligncenter size-full\"><img loading=\"lazy\" decoding=\"async\" width=\"2500\" height=\"1667\" src=\"https:\/\/archivo.usac.edu.gt\/wp-content\/uploads\/2022\/04\/diagrama_Mesa-de-trabajo-1-1.jpg\" alt=\"\" class=\"wp-image-1031\" srcset=\"https:\/\/archivo.usac.edu.gt\/wp-content\/uploads\/2022\/04\/diagrama_Mesa-de-trabajo-1-1.jpg 2500w, https:\/\/archivo.usac.edu.gt\/wp-content\/uploads\/2022\/04\/diagrama_Mesa-de-trabajo-1-1-300x200.jpg 300w, https:\/\/archivo.usac.edu.gt\/wp-content\/uploads\/2022\/04\/diagrama_Mesa-de-trabajo-1-1-1024x683.jpg 1024w, https:\/\/archivo.usac.edu.gt\/wp-content\/uploads\/2022\/04\/diagrama_Mesa-de-trabajo-1-1-768x512.jpg 768w, https:\/\/archivo.usac.edu.gt\/wp-content\/uploads\/2022\/04\/diagrama_Mesa-de-trabajo-1-1-1536x1024.jpg 1536w, https:\/\/archivo.usac.edu.gt\/wp-content\/uploads\/2022\/04\/diagrama_Mesa-de-trabajo-1-1-2048x1366.jpg 2048w\" sizes=\"auto, (max-width: 2500px) 100vw, 2500px\" \/><\/figure><\/div>\n\n\n\n<p><strong>1.11&nbsp;&nbsp;Ubicaci\u00f3n de la serie<\/strong>: anote los lugares donde se conservan los documentos a lo largo de su ciclo de vida hasta su entrada en el Archivo General.&nbsp;&nbsp;Ejemplo: secretar\u00edas adjuntas, asistencia administrativa, tesorer\u00edas.<\/p>\n\n\n\n<p><strong>1.12&nbsp;&nbsp;Series antecedentes relacionadas<\/strong>: escriba los nombres de las series documentales con el mismo contenido de la que es objeto de estudio, aunque estos sean diferentes. Asimismo, apunta la unidad administrativa donde est\u00e1n esos documentos. En caso contrario, escriba No existen. Ejemplo:&nbsp;<\/p>\n\n\n\n<ul class=\"wp-block-list\"><li>Presencias, serie del siglo XIX, ubicado en Archivo Central.&nbsp;<\/li><li>Lista de asistencia, Asistencia de trabajadores, ubicado en Tesorer\u00eda.<\/li><\/ul>\n\n\n\n<p><strong>1.13&nbsp;&nbsp;Documentos recapitulativos<\/strong>: escriba los nombres de aquellos documentos que contengan en forma resumida la misma informaci\u00f3n de manera total o parcial, de la serie objeto de estudio. Adem\u00e1s, especifique si es original o copia y lugar en donde se encuentra ubicado. En caso contrario, escriba No existen. Ejemplo: Reporte de control de asistencia que contiene el detalle de entradas, salidas, horario de almuerzo, inasistencias, permisos, datos de Informe al patrono extendido por el IGSS.<\/p>\n\n\n\n<p><strong>1.14&nbsp;&nbsp;Documentos duplicados<\/strong>: indique la existencia de copias simples de los expedientes o conjunto de documentos pertenecientes a la misma serie, as\u00ed como las unidades administrativas donde se encuentran. Adem\u00e1s, determinar\u00e1 las dependencias que son los poseedores principales y secundarios de los expedientes. En caso contrario, escriba No existen.&nbsp;<\/p>\n\n\n\n<p><strong>1.15&nbsp;&nbsp;Propuesta de evaluaci\u00f3n que se presenta al Comit\u00e9<\/strong><\/p>\n\n\n\n<p>1.15.1&nbsp;&nbsp;&nbsp;Activo. Per\u00edodo de permanencia en los archivos de gesti\u00f3n (n\u00famero de meses o a\u00f1os). Ejemplo: dos a\u00f1os.<\/p>\n\n\n\n<p>1.15.2&nbsp;&nbsp;&nbsp;&nbsp;Valor administrativo (n\u00famero de meses o a\u00f1os). Ejemplo: cinco a\u00f1os.<\/p>\n\n\n\n<p>1.15.3&nbsp;&nbsp;&nbsp;Valor legal\/fiscal (n\u00famero de meses o a\u00f1os) Ejemplo: diez a\u00f1os.&nbsp;Salvo aquellos controles en que aparezca personal con cargo a deudores por inasistencias.&nbsp;&nbsp;Estos deber\u00e1n conservarse hasta que los cargos sean desvanecidos<\/p>\n\n\n\n<p>1.15.4&nbsp;&nbsp;&nbsp;&nbsp;Valor hist\u00f3rico (n\u00famero de meses o a\u00f1os). Ejemplo: No posee<\/p>\n\n\n\n<p>Escriba la propuesta que se elevar\u00e1 al Comit\u00e9, referente al per\u00edodo de permanencia de la documentaci\u00f3n en los archivos de gesti\u00f3n una vez finalizada la gesti\u00f3n administrativa. Adem\u00e1s, indique en meses o a\u00f1os, el plazo de validez administrativa, legal-jur\u00eddico, fiscal y el valor hist\u00f3rico de la serie. Asimismo, debe razonar esta propuesta.<\/p>\n\n\n\n<p><strong>1.16&nbsp;&nbsp;Propuesta de accesibilidad por parte de los usuarios que se presenta al Comit\u00e9&nbsp;<\/strong><\/p>\n\n\n\n<div class=\"wp-block-columns are-vertically-aligned-center is-layout-flex wp-container-core-columns-is-layout-1 wp-block-columns-is-layout-flex\">\n<div class=\"wp-block-column is-vertically-aligned-center is-layout-flow wp-block-column-is-layout-flow\" style=\"flex-basis:50px\">\n<p>1.16.1<\/p>\n<\/div>\n\n\n\n<div class=\"wp-block-column is-vertically-aligned-center is-layout-flow wp-block-column-is-layout-flow\" style=\"flex-basis:50px\">\n<figure class=\"wp-block-table aligncenter is-style-regular\"><table><tbody><tr><td class=\"has-text-align-center\" data-align=\"center\">x<\/td><\/tr><\/tbody><\/table><\/figure>\n<\/div>\n\n\n\n<div class=\"wp-block-column is-vertically-aligned-center is-layout-flow wp-block-column-is-layout-flow\">\n<p>Libre<\/p>\n<\/div>\n<\/div>\n\n\n\n<div class=\"wp-block-columns are-vertically-aligned-center is-layout-flex wp-container-core-columns-is-layout-2 wp-block-columns-is-layout-flex\">\n<div class=\"wp-block-column is-vertically-aligned-center is-layout-flow wp-block-column-is-layout-flow\" style=\"flex-basis:50px\">\n<p>1.16.2<\/p>\n<\/div>\n\n\n\n<div class=\"wp-block-column is-vertically-aligned-center is-layout-flow wp-block-column-is-layout-flow\" style=\"flex-basis:50px\">\n<figure class=\"wp-block-table aligncenter is-style-regular\"><table><tbody><tr><td class=\"has-text-align-center\" data-align=\"center\">  <\/td><\/tr><\/tbody><\/table><\/figure>\n<\/div>\n\n\n\n<div class=\"wp-block-column is-vertically-aligned-center is-layout-flow wp-block-column-is-layout-flow\">\n<p>Restringido (n\u00famero de meses o a\u00f1os)<\/p>\n<\/div>\n<\/div>\n\n\n\n<p>Marque con una X la propuesta de acceso a los documentos que la unidad interesada eleva al Comit\u00e9. En el caso que el acceso sea restringido, indique los a\u00f1os de los documentos con restricci\u00f3n.&nbsp;&nbsp;Asimismo, debe razonar esta propuesta. Ejemplo:<\/p>\n\n\n\n<p>&nbsp;&nbsp;&nbsp;&nbsp;&nbsp;&nbsp;&nbsp;&nbsp;&nbsp;&nbsp;Restringido por 10 a\u00f1os al p\u00fablico en general. Tienen acceso a esta serie:&nbsp;secretarios acad\u00e9micos, secretarios adjuntos, asistentes administrativos, jefes, tesoreros de unidades acad\u00e9micas y administrativas, autoridades universitarias (Rector, Secretario General, decanos, directores generales, de escuelas no facultativas y centros universitarios). Adem\u00e1s, auditores y contralores.<\/p>\n\n\n\n<p><strong>1.17 Propuesta de resoluci\u00f3n que se presenta al Comit\u00e9<\/strong><\/p>\n\n\n\n<div class=\"wp-block-columns are-vertically-aligned-center is-layout-flex wp-container-core-columns-is-layout-3 wp-block-columns-is-layout-flex\">\n<div class=\"wp-block-column is-vertically-aligned-center is-layout-flow wp-block-column-is-layout-flow\" style=\"flex-basis:50px\">\n<p>1.17.1<\/p>\n<\/div>\n\n\n\n<div class=\"wp-block-column is-vertically-aligned-center is-layout-flow wp-block-column-is-layout-flow\" style=\"flex-basis:50px\">\n<figure class=\"wp-block-table aligncenter is-style-regular\"><table><tbody><tr><td class=\"has-text-align-center\" data-align=\"center\">x<\/td><\/tr><\/tbody><\/table><\/figure>\n<\/div>\n\n\n\n<div class=\"wp-block-column is-vertically-aligned-center is-layout-flow wp-block-column-is-layout-flow\">\n<p>Libre<\/p>\n<\/div>\n<\/div>\n\n\n\n<div class=\"wp-block-columns are-vertically-aligned-center is-layout-flex wp-container-core-columns-is-layout-4 wp-block-columns-is-layout-flex\">\n<div class=\"wp-block-column is-vertically-aligned-center is-layout-flow wp-block-column-is-layout-flow\" style=\"flex-basis:50px\">\n<p>1.17.2<\/p>\n<\/div>\n\n\n\n<div class=\"wp-block-column is-vertically-aligned-center is-layout-flow wp-block-column-is-layout-flow\" style=\"flex-basis:50px\">\n<figure class=\"wp-block-table aligncenter is-style-regular\"><table><tbody><tr><td class=\"has-text-align-center\" data-align=\"center\">  <\/td><\/tr><\/tbody><\/table><\/figure>\n<\/div>\n\n\n\n<div class=\"wp-block-column is-vertically-aligned-center is-layout-flow wp-block-column-is-layout-flow\">\n<p>Muestreo aleatorio simple<\/p>\n<\/div>\n<\/div>\n\n\n\n<div class=\"wp-block-columns are-vertically-aligned-center is-layout-flex wp-container-core-columns-is-layout-5 wp-block-columns-is-layout-flex\">\n<div class=\"wp-block-column is-vertically-aligned-center is-layout-flow wp-block-column-is-layout-flow\" style=\"flex-basis:50px\">\n<p>1.17.3<\/p>\n<\/div>\n\n\n\n<div class=\"wp-block-column is-vertically-aligned-center is-layout-flow wp-block-column-is-layout-flow\" style=\"flex-basis:50px\">\n<figure class=\"wp-block-table aligncenter is-style-regular\"><table><tbody><tr><td class=\"has-text-align-center\" data-align=\"center\">  <\/td><\/tr><\/tbody><\/table><\/figure>\n<\/div>\n\n\n\n<div class=\"wp-block-column is-vertically-aligned-center is-layout-flow wp-block-column-is-layout-flow\">\n<p>Conservaci\u00f3n permanente<\/p>\n<\/div>\n<\/div>\n\n\n\n<div class=\"wp-block-columns are-vertically-aligned-center is-layout-flex wp-container-core-columns-is-layout-6 wp-block-columns-is-layout-flex\">\n<div class=\"wp-block-column is-vertically-aligned-center is-layout-flow wp-block-column-is-layout-flow\" style=\"flex-basis:50px\">\n<p>1.17.4<\/p>\n<\/div>\n\n\n\n<div class=\"wp-block-column is-vertically-aligned-center is-layout-flow wp-block-column-is-layout-flow\" style=\"flex-basis:50px\">\n<figure class=\"wp-block-table aligncenter is-style-regular\"><table><tbody><tr><td class=\"has-text-align-center\" data-align=\"center\">  <\/td><\/tr><\/tbody><\/table><\/figure>\n<\/div>\n\n\n\n<div class=\"wp-block-column is-vertically-aligned-center is-layout-flow wp-block-column-is-layout-flow\">\n<p>Conservaci\u00f3n parcial<\/p>\n<\/div>\n<\/div>\n\n\n\n<p>Marque con una X la propuesta que la unidad interesada eleva al Comit\u00e9 referente a la forma de disposici\u00f3n de la serie: eliminaci\u00f3n total, muestreo aleatorio simple, conservaci\u00f3n permanente o conservaci\u00f3n parcial. En este \u00faltimo caso, especifique los documentos de la serie que ser\u00e1n conservados.<\/p>\n\n\n\n<p><strong>1.18 Observaciones:<\/strong>&nbsp;anote en este espacio otra informaci\u00f3n que se considere pertinente para la evaluaci\u00f3n de la serie documental. As\u00ed como, los nombres de y cargos de las personas que intervinieron en la elaboraci\u00f3n del estudio y personas entrevistadas.<\/p>\n\n\n\n<p><strong>1.19 Firmas de responsabilidad<\/strong>: escriba los nombres completos, cargo y unidad de la persona que llena este formulario, del jefe de la unidad interesada y de la autoridad nominadora.<\/p>\n\n\n\n<h2 class=\"wp-block-heading\"><strong>2. Datos a consignar por el CISED<\/strong><\/h2>\n\n\n\n<p>El Presidente (a) del Comit\u00e9 hace las anotaciones respectivas en lo correspondiente al numeral 2 y 3 de este formulario.<\/p>\n\n\n\n<p><strong>2.1&nbsp;&nbsp;&nbsp;&nbsp;Resoluci\u00f3n de evaluaci\u00f3n<\/strong><\/p>\n\n\n\n<p>2.1.1&nbsp;&nbsp;&nbsp;&nbsp;Activo. Per\u00edodo de permanencia en los archivos de gesti\u00f3n (n\u00famero de meses o a\u00f1os)<\/p>\n\n\n\n<p>2.1.2&nbsp;&nbsp;&nbsp;&nbsp;Valor administrativo (n\u00famero de meses o a\u00f1os)<\/p>\n\n\n\n<p>&nbsp;&nbsp;&nbsp;&nbsp;&nbsp;&nbsp;&nbsp;2.1.3&nbsp;&nbsp;&nbsp;&nbsp;Valor legal\/fiscal (n\u00famero de meses o a\u00f1os)<\/p>\n\n\n\n<p>2.1.4&nbsp;&nbsp;&nbsp;&nbsp;Valor hist\u00f3rico (n\u00famero de meses o a\u00f1os)<\/p>\n\n\n\n<p>Escriba la resoluci\u00f3n tomada por el Comit\u00e9 referente al per\u00edodo de permanencia de la documentaci\u00f3n en los archivos de gesti\u00f3n una vez finalizada la gesti\u00f3n administrativa, indicado en meses o a\u00f1os, el plazo de validez administrativa. Adem\u00e1s, indique en meses o a\u00f1os, el plazo de validez administrativa, legal-jur\u00eddico, fiscal y el valor hist\u00f3rico de la serie.&nbsp;&nbsp;Si el Comit\u00e9 lo considera oportuno, la resoluci\u00f3n ser\u00e1 razonada.<\/p>\n\n\n\n<p><strong>2.2&nbsp;&nbsp;&nbsp;&nbsp;Resoluci\u00f3n de accesibilidad por parte de los usuarios<\/strong><\/p>\n\n\n\n<p>2.2.1&nbsp;&nbsp;&nbsp;&nbsp;&nbsp;&nbsp;Libre<\/p>\n\n\n\n<p>2.2.2&nbsp;&nbsp;&nbsp;&nbsp;&nbsp;&nbsp;Restringido (n\u00famero de meses o a\u00f1os)<\/p>\n\n\n\n<p>Anote la resoluci\u00f3n tomada por el Comit\u00e9 referente al acceso a la documentaci\u00f3n: libre o restringido (en este caso con indicaci\u00f3n de los meses o a\u00f1os).&nbsp;&nbsp;La resoluci\u00f3n ser\u00e1 razonada.<\/p>\n\n\n\n<p><strong>2.3&nbsp;&nbsp;&nbsp;&nbsp;Resoluci\u00f3n de disposici\u00f3n final<\/strong><\/p>\n\n\n\n<p>2.3.1&nbsp;&nbsp;&nbsp;&nbsp;&nbsp;&nbsp;Eliminaci\u00f3n<\/p>\n\n\n\n<p>2.3.2&nbsp;&nbsp;&nbsp;&nbsp;&nbsp;&nbsp;Muestreo aleatorio simple<\/p>\n\n\n\n<p>2.3.3&nbsp;&nbsp;&nbsp;&nbsp;&nbsp;&nbsp;Conservaci\u00f3n permanente<\/p>\n\n\n\n<p>2.3.4&nbsp;&nbsp;&nbsp;&nbsp;&nbsp;&nbsp;Conservaci\u00f3n parcial<\/p>\n\n\n\n<p>Escriba la resoluci\u00f3n tomada por el Comit\u00e9 referente a la forma de disposici\u00f3n final de la serie: eliminaci\u00f3n total, tipo de muestreo, conservaci\u00f3n permanente o conservaci\u00f3n parcial. En este \u00faltimo caso, indique los documentos de la serie que ser\u00e1n conservados. La resoluci\u00f3n ser\u00e1 razonada.<\/p>\n\n\n\n<p><strong>2.4&nbsp;&nbsp;&nbsp;&nbsp;Observaciones:<\/strong>&nbsp;escriba la informaci\u00f3n que el Comit\u00e9 considere de inter\u00e9s una vez que ha sido evaluada y normalizada la serie documental.<\/p>\n\n\n\n<h2 class=\"wp-block-heading\"><strong>3. Datos del expediente de normalizaci\u00f3n, valoraci\u00f3n y eliminaci\u00f3n<\/strong><\/h2>\n\n\n\n<p><strong>3.1&nbsp;&nbsp;&nbsp;&nbsp;&nbsp;&nbsp;&nbsp;N\u00famero del expediente:&nbsp;<\/strong>escriba el n\u00famero de expediente administrativo correspondiente a la serie evaluada.<\/p>\n\n\n\n<p><strong>3.2&nbsp;&nbsp;&nbsp;&nbsp;&nbsp;&nbsp;&nbsp;Sesi\u00f3n:<\/strong>&nbsp;anote el n\u00famero de la sesi\u00f3n y a\u00f1o en la que se reuni\u00f3 el Comit\u00e9 para proceder a la evaluaci\u00f3n de la serie.<\/p>\n\n\n\n<p><strong>3.3\u00a0\u00a0\u00a0\u00a0\u00a0\u00a0\u00a0Fecha del acuerdo del Comit\u00e9<\/strong>: escriba la fecha en que el Comit\u00e9 efect\u00faa el acuerdo.<\/p>\n\n\n\n<p><strong>3.4\u00a0\u00a0\u00a0\u00a0\u00a0\u00a0\u00a0Nombre de asistentes y firmas de los miembros del Comit\u00e9<\/strong>: cada miembro del Comit\u00e9 escribe su nombre, cargo y consigna firma.\u00a0\u00a0Asimismo, proceder\u00e1n las personas invitadas con car\u00e1cter informativo.\u00a0<\/p>\n\n\n\n<div class=\"wp-block-buttons is-layout-flex wp-block-buttons-is-layout-flex\">\n<div class=\"wp-block-button\"><a class=\"wp-block-button__link\" href=\"https:\/\/archivo.usac.edu.gt\/wp-content\/uploads\/2022\/04\/1-Normalizacion-valoracion-y-eliminacion.pdf\" style=\"border-radius:0px\" target=\"_blank\" rel=\"noreferrer noopener\">Descargar Formulario PDF<\/a><\/div>\n<\/div>\n","protected":false},"excerpt":{"rendered":"<p>Instructivo para llenar el formulario de normalizaci\u00f3n, valoraci\u00f3n y eliminaci\u00f3n de series Documentales. Instrucciones generales El Presidente del CISED proporcionar\u00e1 al personal t\u00e9cnico del Archivo General el n\u00famero de la Regla de conservaci\u00f3n y el a\u00f1o, que debe consignar en el encabezado de este formulario. El formulario ser\u00e1 llenado por el personal de la unidad [&hellip;]<\/p>\n","protected":false},"author":4,"featured_media":0,"parent":0,"menu_order":0,"comment_status":"closed","ping_status":"closed","template":"","meta":{"footnotes":""},"class_list":["post-998","page","type-page","status-publish","czr-hentry"],"_links":{"self":[{"href":"https:\/\/archivo.usac.edu.gt\/index.php\/wp-json\/wp\/v2\/pages\/998","targetHints":{"allow":["GET"]}}],"collection":[{"href":"https:\/\/archivo.usac.edu.gt\/index.php\/wp-json\/wp\/v2\/pages"}],"about":[{"href":"https:\/\/archivo.usac.edu.gt\/index.php\/wp-json\/wp\/v2\/types\/page"}],"author":[{"embeddable":true,"href":"https:\/\/archivo.usac.edu.gt\/index.php\/wp-json\/wp\/v2\/users\/4"}],"replies":[{"embeddable":true,"href":"https:\/\/archivo.usac.edu.gt\/index.php\/wp-json\/wp\/v2\/comments?post=998"}],"version-history":[{"count":10,"href":"https:\/\/archivo.usac.edu.gt\/index.php\/wp-json\/wp\/v2\/pages\/998\/revisions"}],"predecessor-version":[{"id":1043,"href":"https:\/\/archivo.usac.edu.gt\/index.php\/wp-json\/wp\/v2\/pages\/998\/revisions\/1043"}],"wp:attachment":[{"href":"https:\/\/archivo.usac.edu.gt\/index.php\/wp-json\/wp\/v2\/media?parent=998"}],"curies":[{"name":"wp","href":"https:\/\/api.w.org\/{rel}","templated":true}]}}