{"id":16,"date":"2023-04-20T17:38:42","date_gmt":"2023-04-20T17:38:42","guid":{"rendered":"http:\/\/ls1.usac.edu.gt\/archivo.usac.edu.gt\/public_html\/?page_id=16"},"modified":"2024-11-26T17:48:18","modified_gmt":"2024-11-26T17:48:18","slug":"inicio","status":"publish","type":"page","link":"https:\/\/archivo.usac.edu.gt\/","title":{"rendered":"Inicio"},"content":{"rendered":"\n<p>El Archivo General de la Universidad es la instancia t\u00e9cnica especializada en resguardar la memoria institucional y ejercer control sobre la gesti\u00f3n y tratamiento de los documentos de archivo en las unidades de la Instituci\u00f3n, desde su creaci\u00f3n hasta su conservaci\u00f3n permanente o eliminaci\u00f3n permanente.<\/p>\n\n\n\n<hr class=\"wp-block-separator has-css-opacity\"\/>\n\n\n\n<h3 class=\"wp-block-heading has-text-align-center has-luminous-vivid-amber-background-color has-background\"><strong>Actualidad<\/strong><\/h3>\n\n\n\n<div class=\"wp-block-columns is-layout-flex wp-container-core-columns-is-layout-1 wp-block-columns-is-layout-flex\">\n<div class=\"wp-block-column is-layout-flow wp-block-column-is-layout-flow\">\n<p><\/p>\n\n\n\n<p class=\"has-text-align-center\"><strong>  Exposici\u00f3n del Archivo General<\/strong><\/p>\n\n\n\n<p class=\"has-text-align-center\"><strong>\u00abPreservando el pasado, innovando hacia el futuro\u00bb<\/strong><\/p>\n\n\n\n<p class=\"has-text-align-center\"><\/p>\n\n\n\n<p class=\"has-text-align-center\">El Archivo General realiz\u00f3 la primera exposici\u00f3n del patrimonio documental de la Universidad de San Carlos de Guatemala.<\/p>\n\n\n\n<p class=\"has-text-align-center\">Esta exposici\u00f3n contiene una muestra de los fondos documentales que integran el acervo patrimonial hist\u00f3rico resguardado en el Archivo General.<\/p>\n\n\n<div class=\"wp-block-image\">\n<figure class=\"aligncenter size-large is-resized\"><img loading=\"lazy\" decoding=\"async\" width=\"1024\" height=\"852\" src=\"https:\/\/archivo.usac.edu.gt\/wp-content\/uploads\/2024\/11\/WhatsApp-Image-2024-11-26-at-10.07.52-AM-1024x852.jpeg\" alt=\"\" class=\"wp-image-1251\" style=\"width:541px;height:auto\" srcset=\"https:\/\/archivo.usac.edu.gt\/wp-content\/uploads\/2024\/11\/WhatsApp-Image-2024-11-26-at-10.07.52-AM-1024x852.jpeg 1024w, https:\/\/archivo.usac.edu.gt\/wp-content\/uploads\/2024\/11\/WhatsApp-Image-2024-11-26-at-10.07.52-AM-300x250.jpeg 300w, https:\/\/archivo.usac.edu.gt\/wp-content\/uploads\/2024\/11\/WhatsApp-Image-2024-11-26-at-10.07.52-AM-768x639.jpeg 768w, https:\/\/archivo.usac.edu.gt\/wp-content\/uploads\/2024\/11\/WhatsApp-Image-2024-11-26-at-10.07.52-AM.jpeg 1179w\" sizes=\"auto, (max-width: 1024px) 100vw, 1024px\" \/><\/figure><\/div>\n\n\n<figure class=\"wp-block-gallery has-nested-images columns-default is-cropped wp-block-gallery-1 is-layout-flex wp-block-gallery-is-layout-flex\">\n<figure class=\"wp-block-image size-large\"><img loading=\"lazy\" decoding=\"async\" width=\"768\" height=\"1024\" src=\"https:\/\/archivo.usac.edu.gt\/wp-content\/uploads\/2024\/11\/WhatsApp-Image-2024-11-25-at-12.31.40-PM-768x1024.jpeg\" alt=\"\" class=\"wp-image-1254\" srcset=\"https:\/\/archivo.usac.edu.gt\/wp-content\/uploads\/2024\/11\/WhatsApp-Image-2024-11-25-at-12.31.40-PM-768x1024.jpeg 768w, https:\/\/archivo.usac.edu.gt\/wp-content\/uploads\/2024\/11\/WhatsApp-Image-2024-11-25-at-12.31.40-PM-225x300.jpeg 225w, https:\/\/archivo.usac.edu.gt\/wp-content\/uploads\/2024\/11\/WhatsApp-Image-2024-11-25-at-12.31.40-PM-1152x1536.jpeg 1152w, https:\/\/archivo.usac.edu.gt\/wp-content\/uploads\/2024\/11\/WhatsApp-Image-2024-11-25-at-12.31.40-PM.jpeg 1200w\" sizes=\"auto, (max-width: 768px) 100vw, 768px\" \/><\/figure>\n\n\n\n<figure class=\"wp-block-image size-large\"><img loading=\"lazy\" decoding=\"async\" width=\"768\" height=\"1024\" src=\"https:\/\/archivo.usac.edu.gt\/wp-content\/uploads\/2024\/11\/WhatsApp-Image-2024-11-25-at-12.31.42-PM-768x1024.jpeg\" alt=\"\" class=\"wp-image-1252\" srcset=\"https:\/\/archivo.usac.edu.gt\/wp-content\/uploads\/2024\/11\/WhatsApp-Image-2024-11-25-at-12.31.42-PM-768x1024.jpeg 768w, https:\/\/archivo.usac.edu.gt\/wp-content\/uploads\/2024\/11\/WhatsApp-Image-2024-11-25-at-12.31.42-PM-225x300.jpeg 225w, https:\/\/archivo.usac.edu.gt\/wp-content\/uploads\/2024\/11\/WhatsApp-Image-2024-11-25-at-12.31.42-PM-1152x1536.jpeg 1152w, https:\/\/archivo.usac.edu.gt\/wp-content\/uploads\/2024\/11\/WhatsApp-Image-2024-11-25-at-12.31.42-PM.jpeg 1200w\" sizes=\"auto, (max-width: 768px) 100vw, 768px\" \/><\/figure>\n\n\n\n<figure class=\"wp-block-image size-large\"><img loading=\"lazy\" decoding=\"async\" width=\"768\" height=\"1024\" src=\"https:\/\/archivo.usac.edu.gt\/wp-content\/uploads\/2024\/11\/WhatsApp-Image-2024-11-25-at-12.31.41-PM-768x1024.jpeg\" alt=\"\" class=\"wp-image-1253\" srcset=\"https:\/\/archivo.usac.edu.gt\/wp-content\/uploads\/2024\/11\/WhatsApp-Image-2024-11-25-at-12.31.41-PM-768x1024.jpeg 768w, https:\/\/archivo.usac.edu.gt\/wp-content\/uploads\/2024\/11\/WhatsApp-Image-2024-11-25-at-12.31.41-PM-225x300.jpeg 225w, https:\/\/archivo.usac.edu.gt\/wp-content\/uploads\/2024\/11\/WhatsApp-Image-2024-11-25-at-12.31.41-PM-1152x1536.jpeg 1152w, https:\/\/archivo.usac.edu.gt\/wp-content\/uploads\/2024\/11\/WhatsApp-Image-2024-11-25-at-12.31.41-PM.jpeg 1200w\" sizes=\"auto, (max-width: 768px) 100vw, 768px\" \/><\/figure>\n<\/figure>\n\n\n\n<p><\/p>\n<\/div>\n<\/div>\n\n\n\n<hr class=\"wp-block-separator has-css-opacity\"\/>\n","protected":false},"excerpt":{"rendered":"<p>El Archivo General de la Universidad es la instancia t\u00e9cnica especializada en resguardar la memoria institucional y ejercer control sobre la gesti\u00f3n y tratamiento de los documentos de archivo en las unidades de la Instituci\u00f3n, desde su creaci\u00f3n hasta su conservaci\u00f3n permanente o eliminaci\u00f3n permanente. Actualidad Exposici\u00f3n del Archivo General \u00abPreservando el pasado, innovando hacia [&hellip;]<\/p>\n","protected":false},"author":4,"featured_media":0,"parent":0,"menu_order":0,"comment_status":"closed","ping_status":"closed","template":"","meta":{"footnotes":""},"class_list":["post-16","page","type-page","status-publish","czr-hentry"],"_links":{"self":[{"href":"https:\/\/archivo.usac.edu.gt\/index.php\/wp-json\/wp\/v2\/pages\/16","targetHints":{"allow":["GET"]}}],"collection":[{"href":"https:\/\/archivo.usac.edu.gt\/index.php\/wp-json\/wp\/v2\/pages"}],"about":[{"href":"https:\/\/archivo.usac.edu.gt\/index.php\/wp-json\/wp\/v2\/types\/page"}],"author":[{"embeddable":true,"href":"https:\/\/archivo.usac.edu.gt\/index.php\/wp-json\/wp\/v2\/users\/4"}],"replies":[{"embeddable":true,"href":"https:\/\/archivo.usac.edu.gt\/index.php\/wp-json\/wp\/v2\/comments?post=16"}],"version-history":[{"count":51,"href":"https:\/\/archivo.usac.edu.gt\/index.php\/wp-json\/wp\/v2\/pages\/16\/revisions"}],"predecessor-version":[{"id":1262,"href":"https:\/\/archivo.usac.edu.gt\/index.php\/wp-json\/wp\/v2\/pages\/16\/revisions\/1262"}],"wp:attachment":[{"href":"https:\/\/archivo.usac.edu.gt\/index.php\/wp-json\/wp\/v2\/media?parent=16"}],"curies":[{"name":"wp","href":"https:\/\/api.w.org\/{rel}","templated":true}]}}