{"id":140,"date":"2018-02-13T18:29:07","date_gmt":"2018-02-13T18:29:07","guid":{"rendered":"http:\/\/ls1.usac.edu.gt\/archivo.usac.edu.gt\/public_html\/?page_id=140"},"modified":"2019-05-21T21:24:04","modified_gmt":"2019-05-21T21:24:04","slug":"unidad-de-consultoria-archivistica","status":"publish","type":"page","link":"https:\/\/archivo.usac.edu.gt\/index.php\/acerca-de\/descripcion-de-areas\/unidad-de-consultoria-archivistica\/","title":{"rendered":"Unidad de Consultor\u00eda Archiv\u00edstica"},"content":{"rendered":"<h2>Objetivo<\/h2>\n<hr \/>\n<div align=\"justify\">Evaluar archivos y proporcionar asesor\u00eda en la organizaci\u00f3n de los mismos a entidades p\u00fablicas, privadas y particulares.<\/div>\n<div align=\"justify\"><\/div>\n<p>&nbsp;<\/p>\n<p>&nbsp;<\/p>\n<h2>Funciones<\/h2>\n<div align=\"justify\">\n<hr \/>\n<p>a) Evaluar la organizaci\u00f3n y conservaci\u00f3n de documentos en los archivos de la Universidad y cuando sea solicitado en entidades p\u00fablicas, privadas y particulares.<\/p>\n<p>b) Asesorar en la organizaci\u00f3n, descripci\u00f3n, valoraci\u00f3n, eliminaci\u00f3n y preservaci\u00f3n de documentos en los archivos de entidades p\u00fablicas, privadas y particulares, cuando as\u00ed lo soliciten.<\/p>\n<\/div>\n<p>&nbsp;<\/p>\n<p>&nbsp;<\/p>\n","protected":false},"excerpt":{"rendered":"<p>Objetivo Evaluar archivos y proporcionar asesor\u00eda en la organizaci\u00f3n de los mismos a entidades p\u00fablicas, privadas y particulares. &nbsp; &nbsp; Funciones a) Evaluar la organizaci\u00f3n y conservaci\u00f3n de documentos en los archivos de la Universidad y cuando sea solicitado en entidades p\u00fablicas, privadas y particulares. b) Asesorar en la organizaci\u00f3n, descripci\u00f3n, valoraci\u00f3n, eliminaci\u00f3n y preservaci\u00f3n [&hellip;]<\/p>\n","protected":false},"author":4,"featured_media":0,"parent":121,"menu_order":8,"comment_status":"closed","ping_status":"closed","template":"","meta":{"footnotes":""},"class_list":["post-140","page","type-page","status-publish","czr-hentry"],"_links":{"self":[{"href":"https:\/\/archivo.usac.edu.gt\/index.php\/wp-json\/wp\/v2\/pages\/140","targetHints":{"allow":["GET"]}}],"collection":[{"href":"https:\/\/archivo.usac.edu.gt\/index.php\/wp-json\/wp\/v2\/pages"}],"about":[{"href":"https:\/\/archivo.usac.edu.gt\/index.php\/wp-json\/wp\/v2\/types\/page"}],"author":[{"embeddable":true,"href":"https:\/\/archivo.usac.edu.gt\/index.php\/wp-json\/wp\/v2\/users\/4"}],"replies":[{"embeddable":true,"href":"https:\/\/archivo.usac.edu.gt\/index.php\/wp-json\/wp\/v2\/comments?post=140"}],"version-history":[{"count":10,"href":"https:\/\/archivo.usac.edu.gt\/index.php\/wp-json\/wp\/v2\/pages\/140\/revisions"}],"predecessor-version":[{"id":836,"href":"https:\/\/archivo.usac.edu.gt\/index.php\/wp-json\/wp\/v2\/pages\/140\/revisions\/836"}],"up":[{"embeddable":true,"href":"https:\/\/archivo.usac.edu.gt\/index.php\/wp-json\/wp\/v2\/pages\/121"}],"wp:attachment":[{"href":"https:\/\/archivo.usac.edu.gt\/index.php\/wp-json\/wp\/v2\/media?parent=140"}],"curies":[{"name":"wp","href":"https:\/\/api.w.org\/{rel}","templated":true}]}}