{"id":1057,"date":"2022-04-20T17:05:16","date_gmt":"2022-04-20T17:05:16","guid":{"rendered":"https:\/\/archivo.usac.edu.gt\/?page_id=1057"},"modified":"2022-04-20T17:06:47","modified_gmt":"2022-04-20T17:06:47","slug":"solicitud-para-eliminar-documentos","status":"publish","type":"page","link":"https:\/\/archivo.usac.edu.gt\/index.php\/solicitud-para-eliminar-documentos\/","title":{"rendered":"Solicitud para eliminar documentos"},"content":{"rendered":"\n<p>Instructivo para llenar el formulario de solicitud para eliminar documentos<\/p>\n\n\n\n<div class=\"wp-block-buttons is-layout-flex wp-block-buttons-is-layout-flex\">\n<div class=\"wp-block-button\"><a class=\"wp-block-button__link\" href=\"https:\/\/archivo.usac.edu.gt\/wp-content\/uploads\/2022\/04\/6-Solicitud-eliminar-documentos.pdf\" style=\"border-radius:0px\" target=\"_blank\" rel=\"noreferrer noopener\">Descargar Formulario PDF<\/a><\/div>\n<\/div>\n\n\n\n<h2 class=\"has-luminous-vivid-amber-background-color has-background wp-block-heading\">Instrucciones generales<\/h2>\n\n\n\n<p>La unidad interesada descarga de la p\u00e1gina web del Archivo General la Solicitud para eliminar documentos (FORMA AGUSAC-E-06), cuando \u00e9sta necesite hacer eliminaci\u00f3n de documentos en sus archivos de gesti\u00f3n o central.<\/p>\n\n\n\n<p>Anule con una l\u00ednea los espacios que no utilice.<\/p>\n\n\n\n<p>Entregue dos originales de la Solicitud para eliminar documentos (FORMA AGUSAC-E-06), en la sede del Archivo General de la Universidad de San Carlos de Guatemala -AGUSAC-.<\/p>\n\n\n\n<p>Llene el formulario con las siguientes especificaciones:<\/p>\n\n\n\n<p><strong>Solicitud No.<\/strong>: la Oficinista del AGUSAC coloca, en forma manuscrita, el n\u00famero correlativo de la solicitud de eliminaci\u00f3n.<\/p>\n\n\n\n<p><strong>Lugar y fecha<\/strong>: coloque el lugar y la fecha en que se realiza la solicitud de eliminaci\u00f3n.<br><strong>Unidad solicitante:&nbsp;<\/strong>escriba el nombre de la unidad interesada en eliminar documentos. Ejemplo:<\/p>\n\n\n\n<p>Divisi\u00f3n de Bienestar Estudiantil Universitario<\/p>\n\n\n\n<p><strong>Dependencia<\/strong>: anote el nombre de la dependencia jer\u00e1rquica superior a la que pertenece la unidad interesada. Ejemplo: Direcci\u00f3n General de Docencia.<\/p>\n\n\n\n<p><strong>No.<\/strong>: aparece ya escrito el n\u00famero correlativo de las series o tipos documentales a eliminar.<br><strong>Serie o tipo documental<\/strong>: escriba el nombre de la Serie o tipo documental, seg\u00fan se establece en el<\/p>\n\n\n\n<p>Calendario de conservaci\u00f3n respectivo.<\/p>\n\n\n\n<p><strong>Regla de conservaci\u00f3n No<\/strong>: registre el n\u00famero de la Regla de Conservaci\u00f3n relativa a la serie o tipo documental a eliminar, que determina el Calendario de conservaci\u00f3n y eliminaci\u00f3n de documentos. FORM.-AGUSAC-CE-02 (documento electr\u00f3nico).<\/p>\n\n\n\n<p><strong>Ejemplar (1) y (2):&nbsp;<\/strong>marque con una \u00abX\u00bb la casilla correspondiente a la serie o tipo documental. (1) ejemplar principal o (2) ejemplar secundario, seg\u00fan lo que indica el Calendario de conservaci\u00f3n y eliminaci\u00f3n de documentos. FORM.-AGUSAC-CE-02 (documento electr\u00f3nico).<\/p>\n\n\n\n<p><strong>Fechas extremas<\/strong>: apunte el rango de a\u00f1os a que corresponden los documentos objetos de eliminaci\u00f3n por serie o tipo documental. Ejemplo: de 1960 a 1980. Si existen lagunas cronol\u00f3gicas dentro de las fracciones de las series, deber\u00e1 especificarse utilizando una l\u00ednea por rango.<\/p>\n\n\n\n<p><strong>Unidad de conservaci\u00f3n<\/strong>: describa la unidad de conservaci\u00f3n en la cual se encuentra depositada la serie o tipo documental a eliminar. Ejemplo: archivador met\u00e1lico, archivador de cart\u00f3n (leitz), encuadernados, cajas de cart\u00f3n, bolsas, atados, carpetas y otros.<\/p>\n\n\n\n<p><strong>Metros lineales<\/strong>: apunte la cantidad de metros lineales o fracci\u00f3n, de cada serie o tipo documental que se desea eliminar. La medici\u00f3n se realizar\u00e1 colocando los documentos apilados, verticalmente, y se utilizar\u00e1 una cinta m\u00e9trica.<\/p>\n\n\n\n<p>En el caso de no llenar todas las filas que corresponden al formulario deber\u00e1 trazar una l\u00ednea y a continuaci\u00f3n escriba la frase \u00daLTIMA LINEA para anular el espacio no utilizado.<\/p>\n\n\n\n<p><strong><em>USO EXCLUSIVO COMIT\u00c9<\/em><\/strong><\/p>\n\n\n\n<p>\u2022&nbsp;<strong>Autorizado<\/strong>: esta secci\u00f3n la completa el Presidente (a) del Comit\u00e9 Institucional de Selecci\u00f3n y Eliminaci\u00f3n de Documentos, tras verificar en el Cuadro de conservaci\u00f3n y eliminaci\u00f3n de documentos la correlaci\u00f3n de la Regla de conservaci\u00f3n, con la informaci\u00f3n sobre el ejemplar principal, ejemplar secundario y fechas extremas.<\/p>\n\n\n\n<p>Clasificaci\u00f3n de archivo<\/p>\n\n\n\n<p>Universidad de San Carlos de Guatemala&nbsp;FORM.-AGUSAC-E-06&nbsp;Comit\u00e9 Institucional de Selecci\u00f3n y Eliminaci\u00f3n de Documentos -CISED-<\/p>\n\n\n\n<p>\u2022&nbsp;<strong>Observaciones<\/strong>: el Comit\u00e9 Institucional de Selecci\u00f3n y Eliminaci\u00f3n de Documentos anota cualquier informaci\u00f3n relativa a la eliminaci\u00f3n.<\/p>\n\n\n\n<p><strong>Datos complementarios<\/strong>: anote toda aquella informaci\u00f3n que deba registrarse y surja como consecuencia de situaciones imprevistas. Asimismo especifique, cuando por razones de seguridad el proceso de destrucci\u00f3n solicitado, sea diferente a la destrucci\u00f3n del papel en forma manual o por trituradora para reciclaje.<\/p>\n\n\n\n<p><strong>Autorizaci\u00f3n del jefe de unidad solicitante<\/strong>: complete los espacios de nombre y cargo. La persona que autoriza la eliminaci\u00f3n firma y estampa el sello respectivo de la unidad.<\/p>\n\n\n\n<p><strong>Aval autoridad nominadora<\/strong>: complete de la misma forma que el inciso anterior.<\/p>\n\n\n\n<div class=\"wp-block-buttons is-layout-flex wp-block-buttons-is-layout-flex\">\n<div class=\"wp-block-button\"><a class=\"wp-block-button__link\" href=\"https:\/\/archivo.usac.edu.gt\/wp-content\/uploads\/2022\/04\/6-Solicitud-eliminar-documentos.pdf\" style=\"border-radius:0px\" target=\"_blank\" rel=\"noreferrer noopener\">Descargar Formulario PDF<\/a><\/div>\n<\/div>\n","protected":false},"excerpt":{"rendered":"<p>Instructivo para llenar el formulario de solicitud para eliminar documentos Instrucciones generales La unidad interesada descarga de la p\u00e1gina web del Archivo General la Solicitud para eliminar documentos (FORMA AGUSAC-E-06), cuando \u00e9sta necesite hacer eliminaci\u00f3n de documentos en sus archivos de gesti\u00f3n o central. Anule con una l\u00ednea los espacios que no utilice. Entregue dos [&hellip;]<\/p>\n","protected":false},"author":4,"featured_media":0,"parent":0,"menu_order":0,"comment_status":"closed","ping_status":"closed","template":"","meta":{"footnotes":""},"class_list":["post-1057","page","type-page","status-publish","czr-hentry"],"_links":{"self":[{"href":"https:\/\/archivo.usac.edu.gt\/index.php\/wp-json\/wp\/v2\/pages\/1057","targetHints":{"allow":["GET"]}}],"collection":[{"href":"https:\/\/archivo.usac.edu.gt\/index.php\/wp-json\/wp\/v2\/pages"}],"about":[{"href":"https:\/\/archivo.usac.edu.gt\/index.php\/wp-json\/wp\/v2\/types\/page"}],"author":[{"embeddable":true,"href":"https:\/\/archivo.usac.edu.gt\/index.php\/wp-json\/wp\/v2\/users\/4"}],"replies":[{"embeddable":true,"href":"https:\/\/archivo.usac.edu.gt\/index.php\/wp-json\/wp\/v2\/comments?post=1057"}],"version-history":[{"count":3,"href":"https:\/\/archivo.usac.edu.gt\/index.php\/wp-json\/wp\/v2\/pages\/1057\/revisions"}],"predecessor-version":[{"id":1063,"href":"https:\/\/archivo.usac.edu.gt\/index.php\/wp-json\/wp\/v2\/pages\/1057\/revisions\/1063"}],"wp:attachment":[{"href":"https:\/\/archivo.usac.edu.gt\/index.php\/wp-json\/wp\/v2\/media?parent=1057"}],"curies":[{"name":"wp","href":"https:\/\/api.w.org\/{rel}","templated":true}]}}